511 prime?
False
Is 428977 composite?
False
Is 153547903 prime?
False
Is 37750147 prime?
False
Is 14486357 composite?
True
Is 65584889 a composite number?
True
Is 937331179 composite?
True
Is 30562255 composite?
True
Is 2839829 prime?
False
Is 666667 composite?
False
Is 155080873 composite?
True
Is 37832219 a prime number?
False
Is 9014507 prime?
True
Is 17686391 a prime number?
True
Is 1738247593 prime?
False
Is 12417407 a composite number?
False
Is 54366937 prime?
False
Is 1098593 a prime number?
True
Is 1403557 a composite number?
False
Is 5043859 a prime number?
False
Is 231163213 a composite number?
True
Is 3417251 composite?
False
Is 825169 prime?
False
Is 27864329 a composite number?
True
Is 366441 a prime number?
False
Is 2032253 a prime number?
True
Is 6313951 composite?
True
Is 16441543 a prime number?
True
Is 72299 a prime number?
False
Is 1396639 composite?
True
Is 1406009 composite?
True
Is 110236759 composite?
False
Is 207224729 a prime number?
True
Is 19392731 prime?
True
Is 955663 a composite number?
True
Is 7275715 a composite number?
True
Is 25694879 a prime number?
False
Is 856021 prime?
True
Is 864359 a composite number?
False
Is 8042421 a composite number?
True
Is 378439 a prime number?
True
Is 27021859 a composite number?
False
Is 243896879 composite?
False
Is 6977539 a prime number?
False
Is 164225465 a prime number?
False
Is 9207823 prime?
True
Is 43818447 a composite number?
True
Is 331672353 prime?
False
Is 22025433 a prime number?
False
Is 262489 a prime number?
True
Is 1093969 composite?
False
Is 19833667 composite?
True
Is 171199373 a prime number?
False
Is 125807 a prime number?
False
Is 41754203 prime?
True
Is 5079017 a prime number?
False
Is 72671057 prime?
False
Is 9439217 prime?
False
Is 35687461 a composite number?
False
Is 49172633 a composite number?
False
Is 113431991 a prime number?
True
Is 15630349 composite?
True
Is 281474351 composite?
True
Is 8918351 a composite number?
True
Is 126743477 prime?
False
Is 5814253 a composite number?
True
Is 642458111 a composite number?
False
Is 165634841 a prime number?
True
Is 61843219 a prime number?
True
Is 28577734 composite?
True
Is 78814585 a composite number?
True
Is 3127753 prime?
True
Is 1724537 a prime number?
True
Is 1189482277 prime?
False
Is 49594421 a prime number?
True
Is 297931 a composite number?
False
Is 1919581 composite?
False
Is 233066593 a composite number?
False
Is 159325193 prime?
False
Is 553323829 composite?
False
Is 4388063 a prime number?
True
Is 4257521 prime?
True
Is 146344019 prime?
True
Is 24449423 prime?
False
Is 838 a composite number?
True
Is 67822 prime?
False
Is 2238931 a prime number?
True
Is 114919058 a prime number?
False
Is 3806303 composite?
False
Is 135786883 prime?
True
Is 202566337 composite?
True
Is 294334199 a prime number?
True
Is 5684891 a prime number?
True
Is 1369141 composite?
True
Is 33596401 a prime number?
True
Is 10824038 composite?
True
Is 81749323 a prime number?
True
Is 226572353 composite?
True
Is 1095401 a composite number?
False
Is 308227307 a prime number?
True
Is 23740889 composite?
True
Is 231182347 prime?
False
Is 9741479 a composite number?
True
Is 43412221 prime?
False
Is 4853243 prime?
True
Is 120848831 composite?
True
Is 504180121 a prime number?
False
Is 218687503 composite?
False
Is 4026221 prime?
True
Is 2473631 a prime number?
True
Is 12589739 prime?
False
Is 804743 a prime number?
True
Is 193606097 prime?
True
Is 229082413 a prime number?
False
Is 3795581 a composite number?
False
Is 43806227 prime?
True
Is 181428659 prime?
True
Is 49658711 a composite number?
False
Is 5537197 a composite number?
True
Is 3619299 a composite number?
True
Is 10654867 a composite number?
True
Is 213372905 a composite number?
True
Is 1552211 a composite number?
True
Is 15332173 composite?
False
Is 4639823 prime?
True
Is 86163503 composite?
False
Is 76869049 composite?
False
Is 42921451 a composite number?
False
Is 1233649 a composite number?
True
Is 184951051 a prime number?
False
Is 20345399 a composite number?
True
Is 33398137 prime?
True
Is 1252379 a composite number?
True
Is 14503627 prime?
False
Is 52000681 a prime number?
True
Is 43778017 prime?
False
Is 677503 a prime number?
False
Is 17034673 prime?
True
Is 1906417 prime?
True
Is 69726113 composite?
False
Is 12678397 a prime number?
False
Is 104262623 a composite number?
False
Is 38828423 a composite number?
True
Is 4806989 a composite number?
True
Is 664834109 prime?
False
Is 2188939 prime?
False
Is 247069309 composite?
False
Is 260909 prime?
False
Is 20032093 prime?
False
Is 15676621 composite?
False
Is 1537615 prime?
False
Is 78829 a prime number?
False
Is 9089609 a prime number?
True
Is 6342623 a prime number?
False
Is 165151501 a composite number?
True
Is 96348149 composite?
False
Is 1147363 composite?
True
Is 47285639 prime?
False
Is 675190127 a prime number?
False
Is 77827714 prime?
False
Is 6753622 a composite number?
True
Is 66665363 a prime number?
False
Is 57282497 a prime number?
True
Is 16688321 prime?
False
Is 15850077 composite?
True
Is 302597 composite?
False
Is 1665757 a prime number?
True
Is 9127457 composite?
True
Is 93634799 a prime number?
True
Is 3412811 a composite number?
True
Is 12357643 a composite number?
True
Is 52319807 composite?
True
Is 617219659 a prime number?
False
Is 75874835 a prime number?
False
Is 7784303 a prime number?
True
Is 1700449 prime?
False
Is 3106137 a prime number?
False
Is 947971 composite?
True
Is 20428979 composite?
True
Is 132113117 prime?
True
Is 7526593 composite?
False
Is 114579667 composite?
True
Is 138907133 a prime number?
False
Is 14363743 prime?
True
Is 39230771 composite?
False
Is 250363927 composite?
True
Is 351259 a prime number?
True
Is 6586583 composite?
True
Is 2540339 a prime number?
True
Is 815809 composite?
False
Is 10621913 a prime number?
True
Is 146696171 a composite number?
False
Is 22772749 composite?
False
Is 474015449 a composite number?
True
Is 7547909 prime?
True
Is 3439063 prime?
True
Is 2375587 a composite number?
True
Is 2587513 a composite number?
True
Is 4617122 prime?
False
Is 108535171 a composite number?
True
Is 505147 prime?
False
Is 208391611 prime?
False
Is 14684645 prime?
False
Is 2162543 prime?
True
Is 36608653 composite?
False
Is 84809167 prime?
True
Is 143681597 a composite number?
False
Is 226657 composite?
False
Is 12770369 a prime number?
False
Is 9807011 composite?
True
Is 588347 composite?
False
Is 49639151 prime?
False
Is 17797349 composite?
True
Is 302723 a composite number?
False
Is 110674549 a prime number?
True
Is 46828087 composite?
False
Is 14956001 a composite number?
True
Is 66013 a prime number?
False
Is 11368423 composite?
True
Is 102396601 composite?
True
Is 44009201 prime?
True
Is 2772827 a composite number?
False
Is 283894613 a prime number?
True
Is 152289481 composite?
True
Is 1337555 a composite number?
True
Is 52518639 a prime number?
False
Is 7596871 composite?
True
Is 2967193 a prime number?
False
Is 23145271 composite?
False
Is 553554337 composite?
True
Is 2428021 a composite number?
False
Is 3218261 a prime number?
True
Is 31133901 a composite number?
True
Is 7609879 prime?
False
Is 933091 composite?
True
Is 1033027 a composite number?
False
Is 42805561 composite?
False
Is 721978939 prime?
False
Is 66917794 prime?
False
Is 1267349 prime?
True
Is 174890629 prime?
False
Is 1450103 prime?
True
Is 32725293 prime?
False
Is 76052371 a composite number?
True
Is 654205 a composite number?
True
Is 2149666 prime?
False
Is 15590917 composite?
False
Is 4114619 composite?
True
Is 799013 prime?
False
Is 17212201 composite?
False
Is 2993981 a composite number?
False
Is 29117893 composite?
True
Is 1731911 composite?
True
Is 76753661 a composite number?
False
Is 3178862 composite?
True
Is 544020739 composite?
False
Is 107897761 composite?
True
Is 60512513 prime?
True
Is 660461 a prime number?
False
Is 4968721 a prime number?
True
Is 171220927 a composite number?
True
Is 117098823 prime?
False
Is 398779 a prime number?
False
Is 94307 composite?
False
Is 448180387 prime?
True
Is 31879943 a prime number?
False
Is 39908263 a composite number?
True
Is 1544987 composite?
False
Is 6770419 prime?
True
Is 22767779 a prime number?
False
Is 1363301 composite?
Fal